-4*u - 2*b + 141. Calculate the greatest common divisor of v and u.
10
Let s = -61 + 149. Let n(f) = -f + 5. Let q(j) = -j**3 - 3*j**2 + 2*j. Let w be q(-3). Let l be n(w). What is the greatest common factor of s and l?
11
Let q = -6 + 16. Let g be ((-7)/28 - 1/12)*-3. Calculate the greatest common divisor of q and g.
1
Suppose 3*j - 29 + 5 = 0. What is the greatest common divisor of j and 128?
8
Let w = -32 + 47. Let s be (-7 - -2)*2/(-5). Let l be 88/6 - s/(-6). What is the greatest common factor of w and l?
15
Suppose 4*f + 4*g = -f + 179, -2*f + g = -82. Suppose -f = -2*z - z. Let q(i) = -i**2 - 8*i + 6. Let o be q(-7). What is the highest common divisor of o and z?
13
Let j = 91 + -63. Suppose -1 = 4*t + 3. Let o = t - -8. What is the highest common divisor of o and j?
7
Let y be 555/20 + -1 + (-1)/(-4). Calculate the highest common divisor of y and 27.
27
Let a(z) = z - 1. Let s be a(3). Suppose s*n - 19 = -3*d - 3, -3*n = -d - 13. What is the highest common divisor of 6 and d?
2
Suppose 0 = o + 3*g - 46, -116 + 15 = -2*o - 3*g. Suppose 3*y + 3*b + 5 = 23, -3*y + 4*b + 11 = 0. Calculate the highest common divisor of y and o.
5
Let m = 9 + 1. Suppose 5*w - 201 = -76. Calculate the highest common divisor of w and m.
5
Let q be (-2)/1*(18 - 32). Calculate the highest common factor of 112 and q.
28
Suppose 0 = 5*z - 3*n + n - 326, -260 = -4*z + 2*n. Let g = 96 - z. Calculate the highest common divisor of 10 and g.
10
Let u be 35 + (0 - -2) - 3. Calculate the highest common divisor of 170 and u.
34
Let f = 21 + -37. Let y = f - -29. What is the highest common divisor of y and 117?
13
Let w(d) = -d**2 + 13*d - 10. Let g be w(5). Calculate the highest common factor of 50 and g.
10
Let v(k) = -k**2 + 9*k - 4. Let t be v(8). Let l be t*2/4 - -35. Suppose -3*y + l = 4*p, 0*y = -y + 3. What is the greatest common divisor of p and 1?
1
Let a = 0 + 4. Suppose a*s + 6 = s. Let i = s + 11. What is the highest common factor of i and 9?
9
Let j be (-7)/(-14) - 1198/(-4). Suppose 0*b - 3*b = -j. Suppose 2*r = k + 31, 0 = -4*r + 3*k - 39 + b. What is the highest common factor of r and 128?
16
Suppose a = 3*t, 2*a = 2*t + 3*t + 1. Suppose -3*l - m = -159, -3*l - a*m - 5 = -170. Calculate the greatest common divisor of 13 and l.
13
Let p = -33 + 34. Calculate the greatest common factor of p and 1.
1
Let u be 22 + (-2 - -1) + (-6 - -3). Let y(f) = 4*f**2 + 10*f. Let a be y(-7). Calculate the greatest common factor of a and u.
18
Suppose 0 = -4*k - 4*p + 72, 3*k - 2*p = -0*p + 39. What is the greatest common factor of 15 and k?
15
Suppose 3*l + 3*g + 9 = 0, l + 7 = 3*g + 24. What is the highest common factor of l and 1?
1
Let b(y) = -95*y**3 + 2*y**2 + 2*y + 1. Let r be b(-1). Let d be 4/((-12)/(-49)) - (-1)/(-3). What is the greatest common factor of d and r?
16
Let a = 7 - 6. Suppose 3*l = a + 59. Suppose -i + 28 = m, -m + 12 = -i - 20. What is the greatest common divisor of m and l?
10
Let o be (-30)/(-4) - (-1)/(-2). Let q be ((-6)/(-9))/(2/21). Calculate the highest common factor of o and q.
7
Suppose -12 = -3*q, -5*i - 944 = 2*q - 312. Let v be (-10)/(-55) + i/(-22). Let n = 2 - 0. What is the greatest common divisor of v and n?
2
Let o be ((-33)/(-18))/(7/(-105))*-4. Calculate the greatest common factor of 10 and o.
10
Let m be (0 + 225/(-6))*10/(-3). Calculate the greatest common divisor of 25 and m.
25
Let v be (134 - 0) + -4 + 4 + -1. Calculate the highest common factor of 7 and v.
7
Suppose -2*c = -5*f + 8, -11 = -5*f + 2*c - 3*c. Let q(m) = 2*m**3 - 4*m**2 + 3*m - 1. Let b be q(f). What is the greatest common divisor of 40 and b?
5
Let j be (1*3)/(2/2). Suppose b = 2*b - j. Suppose b*z = 0, -y + 4*z + 12 = -2. Calculate the greatest common divisor of y and 35.
7
Let j(a) = 12*a + 2. Let b be j(2). Suppose b = 2*l - 28. Suppose 4*i - 5*i = -18. Calculate the highest common divisor of i and l.
9
Let z = 343 + -7. Let k = z + -174. What is the highest common divisor of 18 and k?
18
Let h = 13 - 8. Suppose 11 = h*w - 14. Calculate the highest common divisor of w and 10.
5
Suppose -3*l - 55 = -4*t, -l = 2*t - t - 5. Suppose -5*u + u = 5*g - 58, -5*u + 60 = 5*g. Calculate the greatest common divisor of t and g.
10
Let q = 132 - 100. Calculate the highest common divisor of q and 64.
32
Suppose 2*g + 0 - 2 = 2*t, 17 = 3*t + g. Suppose -239 = -t*p + 81. Calculate the greatest common divisor of 32 and p.
16
Suppose -3*n + 211 = 16. What is the greatest common divisor of n and 26?
13
Suppose -v + 25 = -15. Calculate the highest common factor of 10 and v.
10
Let f = -4 - -10. Suppose -4*k - 30 = -6*k. Let r = k - f. What is the highest common divisor of 9 and r?
9
Let m(v) = v**2 - 6*v - 4. Let u be m(7). Suppose 24 = u*c - 6. What is the greatest common factor of c and 20?
10
Suppose -2*m = -5*b - 1, 6*m - 3*m = 3*b + 6. Suppose -4*h = -0*h - 24. Let w = h + -4. What is the greatest common factor of b and w?
1
Let s(u) = -u**2 + 10*u + 5. Let x be s(9). What is the greatest common factor of x and 70?
14
Let r = -7 - -9. Suppose -16 = -r*j + 8. Calculate the greatest common factor of 12 and j.
12
Let f be 11/((2 + -1)/2). Suppose 3*v - f = 3*o + 17, 54 = 3*v + 2*o. Calculate the greatest common factor of 112 and v.
16
Let f be ((-27)/(-45))/(2/50). Let a(p) = p**2 - 5*p - 1. Let j be a(6). Calculate the highest common divisor of f and j.
5
Let p(c) = -c + 23. Let h be p(10). Let a be h/4 + (-1)/4. Suppose 4 = -d, -w - 3*d = -a*w + 96. Calculate the highest common factor of 28 and w.
14
Let g(o) = 4*o**3 - o + 2*o + 3*o**3 + o**2. Let v be g(2). Suppose 110 = 2*i - 4*c, -2*i + 53 = c - v. Calculate the highest common divisor of 38 and i.
19
Suppose 0 = -4*k + 2 + 2, -2*u + k - 21 = 0. Let m be (-2)/u + (-6)/5. Let h be (32/m)/((-2)/4). What is the greatest common divisor of 8 and h?
8
Suppose -a + 4*t = -4*a - 4, -4*t = a + 4. Suppose c + a*c - 50 = 0. What is the greatest common factor of c and 20?
10
Let t = 1346 - 824. Let n be (4/6)/(12/t). Suppose -5*x - 4 + n = 0. What is the greatest common factor of x and 45?
5
Suppose 2*n - 26 + 10 = 0. What is the highest common factor of 72 and n?
8
Let k be (-3 - 1)/(1/(-2)). Suppose 5*w = 21 - 16. Calculate the greatest common divisor of k and w.
1
Let w be 6/1 - (0 - -3). What is the greatest common factor of w and 3?
3
Let c(o) = 14*o + 4. Let p be c(6). Suppose 5*l + 5*h + 50 = 0, -h - 3 = -3*l - 37. Let m = l + 19. What is the highest common divisor of m and p?
8
Let c(v) = -v**2 - 2*v + 4. Let u be c(-4). Let x be ((-20)/35)/(u/14). What is the greatest common divisor of x and 2?
2
Let v(h) = 7*h**2 - 4*h + 2. Let s be v(2). Suppose 5*d - s = -f + d, -f + 12 = -d. What is the greatest common factor of f and 154?
14
Suppose -4*h = -64 + 8. Calculate the greatest common divisor of h and 2.
2
Suppose 3*t = 7 + 5. Calculate the greatest common divisor of 16 and t.
4
Let q = -13 + 20. Let f = 15 - q. What is the highest common divisor of 12 and f?
4
Suppose -64 = -t - 0*t. Suppose -2*h + 6 = 4*m, 11 = 4*h - m - 1. Suppose 8*b = h*b + 40. Calculate the greatest common factor of b and t.
8
Suppose -m + 3*d = -12 - 14, 5*d = -2*m + 30. What is the highest common divisor of m and 40?
20
Let i(y) = 7*y + 1. Let k be i(1). Let s(p) = p**3 - p**2 + 5*p + 4. Let u be s(4). What is the greatest common factor of k and u?
8
Suppose 0*f + 12 = 4*f. Suppose f*t + 3*g = -21, -44 = 4*t - 3*g - g. Let s = t - -26. Calculate the greatest common factor of 85 and s.
17
Let k be (174/(-52) + (-22)/143)*-2. Suppose 2 = 2*u, 2*x - 5*u + 0 = -1. Let o be ((-4)/(-6))/(x/3). Calculate the greatest common divisor of k and o.
1
Let q(g) = 3*g**3 + 12 + 15 + 0*g**3 - 2*g**3. Let k be q(0). Calculate the greatest common factor of k and 9.
9
Suppose -59 = -4*s - 5*c - 0*c, c - 79 = -4*s. Calculate the highest common divisor of 35 and s.
7
Let o(l) = 11 + 0*l**2 + l**2 - 11*l - 2*l + 4*l. Let u be o(8). Calculate the highest common divisor of 6 and u.
3
Let w be (12/(-15))/((-2)/25). Let u = 4 + w. What is the highest common factor of 7 and u?
7
Suppose 5*d - 9*d + 744 = 0. Let h = d - 109. What is the greatest common divisor of 7 and h?
7
Suppose 4*f - 2*f - 8 = 0. Calculate the greatest common factor of 44 and f.
4
Let p = 14 - 10. What i